**2 + l + 13. Let h be b(-14). What is the tens digit of x(h)?
5
Let t be 193 - 1/(1 - 18/15). Suppose -g - g = -t. What is the units digit of g?
9
Suppose 12*f - 415161 - 287930 = -211031. What is the hundreds digit of f?
0
Suppose 12*r = 2229 + 4743. Suppose -587*f + 3768 = -r*f. What is the units digit of f?
8
Let k be (-300)/(-78) + 12/78. Suppose -59 = -u + r + 17, -51 = -u - k*r. What is the tens digit of u?
7
Suppose 5*z = 3*n - 328, 6*z - 3 = 3*z. Let s = 1774 - 1759. Let c = n + s. What is the units digit of c?
6
Let y(w) = -2*w**2 + 64*w + 58. Let n(r) = 7*r**2 - 2*r - 6. Let i be n(-2). What is the units digit of y(i)?
0
Suppose 0 = -p + 3 - 27. Let s = 153 + p. Suppose -y + 43 = 3*r + r, -3*y + 2*r = -s. What is the units digit of y?
3
Let f be (2 + 136/(-40))*-10. Suppose 12424 = -6*q + f*q. What is the thousands digit of q?
1
Let p = -53 - -58. Suppose -5*q = -p*o - 200, 2*q - 113 - 39 = 4*o. What is the tens digit of ((-166)/(-6))/((-2)/o*6)?
8
Let z(a) = a**2 + 19*a + 20. Let q be z(-14). Let u be 173/2 + (-25)/q. Suppose 0*m - u = -3*m. What is the units digit of m?
9
Suppose 45*p = 163257 + 129918. What is the units digit of p?
5
What is the tens digit of ((259767/36)/(15/(-10)))/((-1)/8)?
8
Let l = 5456 + -3777. Let v = l + 17. What is the hundreds digit of v?
6
Suppose -5*h + 6*h = -4*f + 23817, 4*h - 4*f - 95208 = 0. What is the hundreds digit of h?
8
Let x(y) = -3093*y - 331. What is the tens digit of x(-2)?
5
Suppose -80*j - 21*j - 36*j + 2777812 = 0. What is the hundreds digit of j?
2
Let q(f) = 228*f + 3 - 5 + 92*f - 4. What is the tens digit of q(1)?
1
Let b(v) be the second derivative of -28*v**3/3 + 42*v**2 + v - 79. What is the hundreds digit of b(-8)?
5
Let d(o) = 2*o**2 - 11*o - 6. Let v be d(9). Let a = 81 - v. What is the hundreds digit of (4/a*9)/((-6)/(-656))?
1
Suppose -4*c - 9 + 1 = 0, h + 2*c = -1. Let j(n) be the third derivative of n**5/60 + n**4/3 - 25*n**3/6 - 121*n**2 - 2*n. What is the units digit of j(h)?
8
Suppose -w - 3*r + 0 + 2 = 0, -3*w = r + 18. What is the tens digit of 48/(-10)*(813/(-6) + w)?
8
Let p(z) = -2*z**3 + 6*z**2 - 8*z - 9. Let o be p(4). Let c = o - -444. What is the tens digit of c?
7
Suppose 3*p - 429 = -3*b, -2*p - 79 = -3*b + 345. Suppose -2*t + 380 = -5*i, -2*i - 850 - b = -5*t. Let d = t + -101. What is the units digit of d?
9
Let j be (7 - 12) + 773 + -5. What is the hundreds digit of -1*(4 - 8) + j?
7
Let b = -79 - -31. Let w = 263 + b. What is the tens digit of w?
1
Suppose a = 5*o + 215, 0 = 5*a + 175*o - 170*o - 1315. What is the units digit of a?
5
Let c(z) = -2*z**2 + 15*z - 22. Let t be c(6). Suppose 2*n + 2*n - 24 = 0. Let p = t + n. What is the units digit of p?
2
Let l(k) = 69*k**2 - 2*k + 75. What is the thousands digit of l(12)?
9
Let a = 14 - 10. Suppose -3*d + z - 6*z + 11 = 0, 0 = 4*d + a*z - 12. Suppose c - 10 = o + 51, -3*c = -d*o - 183. What is the tens digit of c?
6
Let d(j) = 2*j**3 + 2*j**2 - 5*j - 4. Let h(n) = n**2 - 3*n - 11. Let r be h(-3). What is the tens digit of d(r)?
4
Let y(p) = p - 219 + 219. Let w be y(5). Suppose 3*r - 5*r + 189 = -w*k, -r - 3*k = -89. What is the tens digit of r?
9
Suppose -3*r = -2*v + 1231, 2*r - 4*r - 5*v - 789 = 0. Let g = 727 + r. What is the hundreds digit of g?
3
Suppose 17*a - 119167 - 70010 - 35529 = 0. What is the ten thousands digit of a?
1
What is the units digit of (-6)/((-30)/17855)*(-2 + -2)/(-4)?
1
Let o be (4 - 56/(-5))/(4/(-110)). Let b(c) = -62*c**2 - 2*c + 6. Let z be b(2). Let r = z - o. What is the units digit of r?
2
What is the hundreds digit of (36/(-7))/(-3) - 2 - (-5541175)/1015?
4
Suppose -191051 - 220807 = -102*l + 358752. What is the tens digit of l?
5
Suppose 225 = 3*i + 210. What is the units digit of 45/(-5) + i + 335?
1
Let i(q) = q - 12. Let r be i(8). Let v be 3 + (r/4 - 2). Suppose 0 = m - v*m - 51. What is the units digit of m?
1
Let g(c) be the second derivative of -5*c**3/3 + 19*c**2 + 2*c. Let j = -5172 - -5152. What is the hundreds digit of g(j)?
2
Let s(j) = 156*j**2 + 4*j. Let p be s(1). Suppose -2*b = 4*y - 76, -b - p = -6*b - 4*y. What is the units digit of 3339/b - 0 - 1/4?
9
Suppose 0 = 539*w - 515*w - 375624. What is the tens digit of w?
5
Let u = 16830 + 11272. What is the thousands digit of u?
8
Let q = 270 + -76. What is the tens digit of (-2)/6 + q/6?
3
Let j be ((-33)/2)/(18/(-24)). Suppose -j*s + 21*s = -311. What is the hundreds digit of s?
3
Let z = 299 + -254. What is the tens digit of ((-86)/10 - 2)/((-9)/z)?
5
Let w = 103728 + -57654. What is the ten thousands digit of w?
4
What is the hundreds digit of (-78)/12 + 6 - -22*10913/28?
5
Let d be 2/(-6) - 8/(-6). Suppose 0 = 2*u + 5 - d. What is the tens digit of u/(1 - (-99)/(-97))?
9
What is the tens digit of -6190*8/16*(88/10)/(-2)?
1
Suppose -6*t + 19 = -47. Suppose 2*m + l = 3, 4*m - 2*l - t = -3*l. Suppose 2*a = -m*r + 326, -4*a = -5*a + 1. What is the tens digit of r?
8
Let d(z) = -123*z - 52. Let t(f) = -610*f - 260. Let c(x) = -11*d(x) + 2*t(x). What is the hundreds digit of c(6)?
8
Let d be 2152/(-6) + (-14)/42. Let b = d + 653. What is the units digit of b?
4
Suppose -4*q - q = 2*w - 856, 0 = -2*w + 6. Suppose 10912 = q*m - 162*m. What is the units digit of m?
4
Let w = -326 + 328. Suppose -w*v = 4*o + v - 1167, -3*o = -2*v - 854. What is the tens digit of o?
8
Let r = -46 - -48. Suppose -4*n + 677 = -j, -r*j + 349 = 2*n + j. What is the hundreds digit of n?
1
Suppose -n + 5*t - 27 = 0, 4*n + 0*t + 42 = -2*t. Let z(j) = j**2 + 10*j + 38. Let b be z(n). Let u = -57 + b. What is the units digit of u?
5
Let l(j) = 24*j**3 - 13*j**2 + 19*j - 150. What is the tens digit of l(14)?
2
Let y(l) = 612*l + 299. What is the tens digit of y(13)?
5
Suppose 1 = -5*x - 2*f + 9, 4*x + 2*f = 8. Suppose -360 = -x*l - 2*l + 2*y, 342 = 2*l + 4*y. What is the hundreds digit of l?
1
Let r = 102 - 98. Suppose 3*m - 23 = -6*z + 2*z, r*z = 4*m - 12. Suppose l = -m*t + 760, l = -4*t - l + 608. What is the tens digit of t?
5
Suppose -1502 = 2*r + 2*d, -4*r - 2*d - 360 - 2636 = 0. Let l = 1123 + r. What is the units digit of l?
6
Suppose 50001 = 8*h - 35533 - 7130. What is the units digit of h?
3
Let m be (-4)/(-1 - (-66)/54). Let x be (1 - 50)/(((-48)/m)/(-8)). Let t = 412 - x. What is the units digit of t?
5
Suppose 0 = 2*c - 2549 - 1549. Suppose 10*f - c = -549. What is the tens digit of f?
5
Let a(d) = 7*d - 16. Let h be a(3). Suppose -4*u + 4*o = -14 - 1054, h*o - 1375 = -5*u. What is the units digit of u?
1
Suppose -4*o + p = -4*p - 394, -4*p = 8. What is the tens digit of (1 + -4)/((-18)/o)?
1
Let h = 766 + -1126. What is the units digit of ((-309)/9)/(12/h)?
0
Suppose z - 21 = 51. Suppose -18*t + 22*t - z = 0. Suppose -2*l = 5*y + t, 3 = y + 7. What is the units digit of l?
1
Let n(v) = -v**3 - 5*v**2 - 5*v - 1. Let m be n(-4). Let y(b) = 12*b**2 - 2*b - b**3 - 9*b + 4*b**2 - 14 + 0*b**m. What is the tens digit of y(15)?
4
Let i(t) = 604*t**3 + 8*t**2 - 19*t + 56. What is the thousands digit of i(5)?
5
Let g(k) = -634*k - 4206. What is the hundreds digit of g(-9)?
5
Let d(u) = 627*u - 4385. Let z be d(7). Let f = 163 - -221. Suppose r - z*y = 85, 5*y + f = -3*r + 7*r. What is the hundreds digit of r?
1
Let c be 84/49 - (-3 + (-57)/(-21)). Suppose 12 = 3*z, -4*t + 1561 = c*z - 2179. What is the units digit of t?
3
Let r(v) = -129*v**3 - 2*v - 6. Let g(j) = -j**2 - 29*j + 168. Let f be g(5). What is the thousands digit of r(f)?
1
Let g = 0 - -4. Let d(n) = 92*n - 7. Let l be d(g). Let h = -209 + l. What is the tens digit of h?
5
Let y(g) = g**2 - 8*g + 5. Let s = 40 + -48. Let b be y(s). Suppose b = 3*i - 68. What is the units digit of i?
7
Let l = 110 - 108. Suppose l*r - 12 = -2*n, -5*r + 11 + 10 = -4*n. What is the units digit of n?
1
Suppose 15*u - 35 = 8*u. What is the units digit of 1*u*(-3568)/(-80)?
3
Let g(n) = 497*n - 18. What is the thousands digit of g(15)?
7
Let w(l) = 3*l**2 - l - 134. Let u be w(-11). Let v be 2730/(-18) + (-2)/6. Let p = u + v. What is the tens digit of p?
8
Let t(s) = s**2 + 5*s**2 + 2*s**2 + 3*s + s**3 + 3*s + 5. Let x(g) = -21*g + 15. Let j be x(1). What is the tens digit of t(j)?
4
Let k(y) = 1856*y + 628. What is the ten thousands digit of k(7)?
1
Let f(i) = -i**2 + 225*i - 1613. What is